0 - 20. Let n(t) = t**3 - 7*t**2 + 7*t - 9. Let y be n(r). Calculate l(y).
-9
Let n be (1 - (2 - 2)) + 0. Let k(r) = 3*r**2 - r + 0*r**2 - 4*r**2. Calculate k(n).
-2
Let i = 2 - 2. Let c(q) be the first derivative of 7*q**2 - 2*q - 2. Let l(j) = 5*j - 1. Let k(o) = -6*c(o) + 17*l(o). What is k(i)?
-5
Let z = -15 - -10. Let o be (3/4)/(z/(-20)). Suppose -5*j = -2*g + 22 + 4, -4*g + o*j + 24 = 0. Let r(b) = 4*b - 3. Determine r(g).
9
Let z(i) = 5*i**2 + 11*i - 2. Let f(q) = -2*q**2 - 6*q + 1. Let m(y) = -11*f(y) - 6*z(y). What is m(1)?
-7
Suppose o - 3 - 5 = 0. Suppose u = 3*c - o, 0*u + 4*u = 5*c - 4. Suppose 2*n - c = -2*n. Let w(j) = 7*j**3 + 2*j**2 - 2*j + 1. What is w(n)?
8
Let a(m) be the third derivative of -1/60*m**5 - 11*m**2 + 1/8*m**4 + 0*m + 1/2*m**3 + 0. Let n = 7 + -4. Calculate a(n).
3
Let y(i) = -i**3 - i**2 + 3*i. Suppose 0 = -4*b + 5*p - 22, 4*b - 3*p + 15 = b. Determine y(b).
9
Let k(s) = s - 2. Let m(v) be the third derivative of v**5/60 - 5*v**3/6 + 3*v**2. Let o be m(0). Let g = 5 + o. Determine k(g).
-2
Let j(o) = 5*o**3 + 4*o**2 + 2*o - 2. Let q(m) = -m**2 + 0*m**2 + 3*m - 4*m**3 + 6*m**2 - 2 + 10*m**3. Let c(x) = -7*j(x) + 6*q(x). Give c(-2).
-6
Let g be (-6)/4 + 1/2. Let q(n) = -5*n + 4. Let l(v) = -1. Let o be (-1)/3 + (-14)/3. Let x(j) = o*l(j) - q(j). Calculate x(g).
-4
Let o(u) = u**3 - 10*u**2 + 8*u - 9. Suppose 18*y = 13*y + 45. Determine o(y).
-18
Let q(l) = l - 7. Let p(k) = -k - 2. Suppose 3 = -v + 7, 3*v = -4*i - 20. Let t be p(i). Determine q(t).
-1
Let p(y) = -y**3 + 7*y**2 - 5*y - 2. Let b(u) = u**2 + 5*u. Let l be b(-6). Calculate p(l).
4
Let r(a) = -a**3 + 8*a**2 + a - 7. Let o(t) = t**3 + 9*t**2 + 8. Let w be o(-9). Give r(w).
1
Let m(h) = h**2 - h. Let x(p) = p**3 + 8*p - 3. Let v(y) = -5*m(y) - x(y). Suppose -5*s + 11 = -5*z - 14, 4*s = 5*z + 24. Determine v(z).
-1
Let s(n) = -n + 1. Let p(o) = o**3 + 3*o**2 + o - 1. Let l be p(-3). Suppose -k = -2, 2*f + k = -0*k - 2. Let i = f - l. Determine s(i).
-1
Suppose -2*r = -6*r. Let b(o) be the second derivative of -o**4/12 + o**3/6 + 3*o**2 - 26*o. What is b(r)?
6
Let o be 1/(-5) + (-77)/(-35). Let q(a) = 4*a**2 + o*a**2 + 0*a**3 - 3*a + a**3 + 9*a. Give q(-4).
8
Let p(q) = -q**2 - 6*q + 30. Let d be p(-9). Let t(i) be the first derivative of -i**3/3 + 3*i**2/2 - 2*i - 2. What is t(d)?
-2
Let g(s) = 2*s + s - 2*s - 4. Let i = 25 - 20. Let t = 10 - i. Determine g(t).
1
Let v(k) = -k**2 + 17 - 25 + 0*k**2 + 11. Determine v(0).
3
Let b(s) = -s**3 - 2*s**2 + 2*s. Let a(f) = -f**3 + 4*f**2 - f + 4. Let y be a(4). Suppose 2*u + p = -8, -5*u = -y*p - 3*p + 42. Let i = u + 3. What is b(i)?
3
Let z(q) be the third derivative of -5*q**2 + 0 - 1/24*q**4 + 1/6*q**3 + 0*q + 1/60*q**5. Calculate z(0).
1
Let z(w) = 8*w - 16*w + 3*w - 2. What is z(2)?
-12
Let q(w) = w**3 - 6*w**2 + 7*w - 6. Let g be (-8)/68 - 140/(-34). Calculate q(g).
-10
Let i(b) = b**2 - 5*b + 5. Let a(o) = -o - 1. Let m(y) = 4*a(y) - i(y). Give m(0).
-9
Suppose u + 4*q + 11 = 0, -5*u + 0*q + 17 = 2*q. Let h(p) = -p**2 - 2*p**3 + 3*p**3 - u*p**3 + 0*p**2. Let k be (-12)/(-18) - (-1)/3. Calculate h(k).
-5
Let y(c) be the second derivative of c**4/12 - 5*c**3/3 + 5*c**2/2 - 9*c. Calculate y(6).
-19
Suppose 1 + 0 = -h. Let q(i) = -6*i**2 - 1. Determine q(h).
-7
Let l = -5 - -5. Let w(m) = m**2 + l + 0 - 2. Suppose 3*s + 5*v - 10 = 0, v + 0*v = -3*s + 2. Calculate w(s).
-2
Let v(m) = m - 7. Let k(r) = r - 13. Let h(d) = 6*k(d) - 11*v(d). Let s(g) = -11*g - 2. Let a(l) = 13*h(l) - 6*s(l). Give a(6).
5
Let m(a) be the third derivative of -a**4/24 - 11*a**3/6 + 7*a**2. What is m(-6)?
-5
Let q(x) = x + 25. Let h be q(-20). Let i(s) = s**2 - 2*s - 10. Let c(z) = -1. Let y(b) = -3*c(b) + i(b). Give y(h).
8
Let a(c) be the first derivative of -c**6/120 + c**4/12 + 2*c**3/3 - 3. Let g(s) be the third derivative of a(s). Calculate g(2).
-10
Let h(k) be the third derivative of 1/10*k**5 - 1/120*k**6 - 7*k**2 + 0 - 1/6*k**3 + 0*k + 0*k**4. Determine h(6).
-1
Let q(c) be the second derivative of c**4/12 + c**3/6 - 11*c**2 - 28*c. Calculate q(0).
-22
Let f(v) = v + 0 + 1 + v. What is f(-1)?
-1
Let h(m) = 3*m**2 - 5*m - 1. Let r(g) = -2*g**2 + 3*g. Let u(w) = w**3 + 4*w**2 + 2*w + 5. Let f be u(-4). Let o(x) = f*h(x) - 5*r(x). Give o(0).
3
Let c(n) = n**2 + 3*n + 2. Let m(u) = -u**2 + 2*u + 1. Suppose -o + 2 + 13 = 0. Suppose -3 = 4*v - o. Let z be m(v). Give c(z).
0
Let k(v) = 9*v**2 - 8*v + 2. Let u(q) = 7*q**2 - 7*q + 2. Let l(y) = -4*k(y) + 5*u(y). What is l(-3)?
2
Suppose 2*a + 3*s + 29 = 4*a, 0 = 4*a + 4*s - 48. Let l = a + -9. Let r(g) = -g**3 + 4*g**2 + 4. What is r(l)?
4
Let q(u) = 1 + 5*u**2 + 2*u - 2 + u**2. Let x(k) = k**3 - 6*k**2 - k + 7. Let j be x(6). Calculate q(j).
7
Let c(o) = o**3 - 5*o**2 - o + 3. Suppose -2*n = 3*n + 25. Let i(w) = -w**2 - 5*w + 5. Let k be i(n). Determine c(k).
-2
Let z(h) be the third derivative of h**5/15 + h**4/24 - h**3/6 + 35*h**2. Let g = 0 - -1. Let m be 0/(0 + -1) + g. Calculate z(m).
4
Let t = 20 + -14. Let s(y) = 0*y - 2*y - y**3 + 4 + 2*y**2 - t. Determine s(2).
-6
Let r(n) be the second derivative of n**4/12 + n**3/6 - 3*n**2 + 6*n - 4. Give r(-5).
14
Suppose q + 6 = -2*m - 5, 0 = -m - 3*q - 3. Let f(o) = o**3 + 5*o**2 - 5*o. Determine f(m).
-6
Let g(u) = -u**3 - 3*u**2 + 2. Let h(c) = -c**3 - 7*c**2 - 5*c + 4. Let a be h(-6). Give g(a).
-2
Let x = 13 - 8. Let m(o) = 0 - x - 5*o + 0*o**2 - o**2. Give m(-4).
-1
Suppose -5*x = 2*q + 11, -4*x + 2*q = -0*q + 16. Let u be x*(-1)/3*1. Let j(y) = -y - 9. Let p(t) = -2. Let d(r) = 4*j(r) - 18*p(r). What is d(u)?
-4
Let d(h) be the third derivative of -h**5/30 + 5*h**4/24 - h**3/2 + 37*h**2. What is d(3)?
-6
Suppose 5*l - 7 = 2*l + o, -12 = 2*l - 4*o. Let p(j) = 8*j**2 - 29*j - 7. Let r(w) = 2*w**2 - 7*w - 2. Let n(z) = 2*p(z) - 9*r(z). Calculate n(l).
-8
Let b(d) be the first derivative of -d**3/3 - d**2/2 - 4*d - 3. Determine b(0).
-4
Let t(u) be the first derivative of u**7/840 + 7*u**6/360 + u**5/24 - u**4/24 - 2*u**3/3 - 5. Let x(a) be the third derivative of t(a). What is x(-6)?
5
Suppose -19*b = -12*b - 35. Let x(c) = -3*c - 10. Let q(i) = -5*i - 19. Let j(v) = 4*q(v) - 7*x(v). Determine j(b).
-1
Let b(j) = 2*j - 5*j**2 + 0*j + 9*j**2 - 2 + 3. Suppose 4 = -3*v + 1. Calculate b(v).
3
Let t(k) = k**3 + 2*k**2 - 4*k - 2. Let f be t(-3). Let c(q) = 8*q**3 - q**2 + q - 1. Calculate c(f).
7
Let u(t) = -2 + 5*t + 2*t**2 + 0 - 2*t**2 + t**2. Calculate u(-6).
4
Let b(w) = 3*w**2 + 2*w - 6. Let k(n) = -3*n**2 - 2*n + 7. Let o(t) = -6*b(t) - 5*k(t). Calculate o(-3).
-20
Let m(u) = -3*u - u + 0*u + 9*u. What is m(-1)?
-5
Let h(i) be the first derivative of -i**4/4 + i**3 - i**2/2 - i - 20. Let y = -3 - -6. What is h(y)?
-4
Let h(x) be the first derivative of -x**3/3 - 3*x**2 - 2*x + 3. What is h(-5)?
3
Suppose -5*o + 2*t + 33 = 0, 0 = -5*o - 0*o - 3*t + 13. Let p(w) = -w - 1. Give p(o).
-6
Let x(f) = 2*f + 3*f - 4*f + 1 + 2*f**3. Let l be x(-1). Let j(h) be the third derivative of -h**4/8 - 4*h**2. What is j(l)?
6
Let v(q) = q**3 + 6*q**2 - q - 3. Let f(m) be the second derivative of -m**4/2 - m**3/6 + m**2/2 - m. Let s be f(1). What is v(s)?
3
Let o(s) = -2 + 10 - 9 - s**2 + 5*s. What is o(6)?
-7
Suppose -56 = 5*w + 24. Let q = w - -13. Let b(v) = -v**3 - 2*v**2 - v - 1. Determine b(q).
11
Let i(c) = c**2 - 4*c - 6. Suppose 3*q = -2*q + 10. Suppose q*j = -h + 5, 4*j + 5*h = 6*j - 35. Determine i(j).
-1
Let r(w) = w**3 - 6*w**2 - 7*w + 9. Let a(j) = 14*j**2 + 33*j**3 - 37 - 38*j**3 + 10*j**2 + 29*j. Let x(s) = 2*a(s) + 9*r(s). Calculate x(-5).
7
Let a(v) = -v**3 + 6*v**2 - 1. Let j(l) = 2*l**3 - 5*l**2. Let m(f) = 3*a(f) + 2*j(f). What is m(-8)?
-3
Let k = 19 - 17. Let o(t) = 2*t**3 - 5*t**2 - 9*t + 5. Let b(c) = 3*c**3 - 7*c**2 - 13*c + 7. Let y(g) = 5*b(g) - 7*o(g). What is y(k)?
4
Let p(o) = -4*o + 2*o + 61 - 67. Calculate p(-4).
2
Suppose 2*h - 16 = -6. Let l(g) = 0*g + g - 4 + 0*g. Give l(h).
1
Suppose 5*a = 8 - 28. Let l(r) be the first derivative of -1/3*r**3 + 3*r - 5/2*r**2 + 6. Calculate l(a).
7
Let d(n) = -291 - 2*n**2 + 291 + n**2 - 4*n. What is d(-7)?
-21
Let a(x) = -4*x - 1 - 2 + 6*x**2 + 5*x - x**3. Let r(u) = -7*u**3 - 2*u**2 + 6*u + 7. Let c be r(-1). Give a(c).
3
Let i(c) = 2*c**3 - 4*c**2 + 2*c + 2. Suppose l 